.
64a
What is -2682 (base 9) in base 11?
-1575
Convert -3c (base 13) to base 3.
-1220
Convert -202101200 (base 3) to base 7.
-61230
Convert -148712 (base 9) to base 3.
-11122210102
Convert -11989 (base 10) to base 6.
-131301
What is -268 (base 9) in base 2?
-11100000
22201 (base 4) to base 12
481
What is -3916 (base 14) in base 16?
-2720
Convert 30647 (base 8) to base 3.
122102210
What is -1458 (base 16) in base 7?
-21120
Convert -114240 (base 5) to base 4.
-1003200
Convert -21051 (base 7) to base 10.
-5181
What is 2030 (base 6) in base 16?
1c2
Convert -291 (base 14) to base 3.
-201020
Convert 27 (base 10) to base 3.
1000
Convert -2376 (base 10) to base 5.
-34001
Convert 5 (base 16) to base 8.
5
What is 12001 (base 4) in base 2?
110000001
Convert -2b2d (base 15) to base 2.
-10010000110100
What is 363e (base 15) in base 9?
16735
What is -1745 (base 8) in base 4?
-33211
What is -4667 (base 8) in base 14?
-c99
What is 2550 (base 10) in base 3?
10111110
-577a (base 13) to base 11
-9244
Convert -5336 (base 7) to base 3.
-2120222
What is 2189 (base 10) in base 6?
14045
What is -5a9 (base 12) in base 3?
-1011110
1001100110111001 (base 2) to base 15
b9d8
What is -3306 (base 7) in base 10?
-1182
Convert 2112410 (base 5) to base 6.
431403
Convert 5404 (base 8) to base 14.
1056
What is 1387 (base 11) in base 15?
7e4
What is 195d (base 14) in base 5?
121331
Convert 22833 (base 9) to base 5.
442013
-10000100 (base 2) to base 3
-11220
Convert 4773 (base 12) to base 8.
17507
4392 (base 12) to base 10
7454
What is -1129 (base 11) in base 12?
-a37
Convert -214445 (base 6) to base 15.
-5475
Convert 202322 (base 4) to base 11.
1751
Convert -1333122 (base 4) to base 2.
-1111111011010
Convert 5540 (base 7) to base 5.
30423
What is -1335 (base 10) in base 4?
-110313
Convert 24636 (base 10) to base 3.
1020210110
What is -4863 (base 14) in base 16?
-3157
6656 (base 9) to base 8
11457
What is -63225 (base 8) in base 5?
-1320021
What is -2a737 (base 11) in base 3?
-2012122100
What is 1312203 (base 4) in base 6?
55043
Convert -53b6 (base 15) to base 6.
-214013
6964 (base 16) to base 10
26980
What is 6331 (base 15) in base 13?
9712
What is 12220220 (base 3) in base 16?
10dd
-1312012 (base 4) to base 12
-445a
Convert -51a (base 11) to base 4.
-21302
Convert -225523 (base 6) to base 15.
-5b49
-3745 (base 9) to base 15
-c65
What is -21000 (base 5) in base 6?
-10211
Convert 10440 (base 8) to base 6.
32144
What is 214 (base 13) in base 15?
18a
22607 (base 9) to base 2
11101011100001
Convert 14279 (base 10) to base 12.
831b
Convert 4720 (base 11) to base 5.
144233
-120110 (base 3) to base 6
-1533
-14 (base 8) to base 6
-20
What is 4888 (base 14) in base 12?
73b4
-100010010001010 (base 2) to base 3
-220001212
What is -3740 (base 8) in base 2?
-11111100000
-2 (base 6) to base 12
-2
What is -311230 (base 5) in base 13?
-483b
1100001 (base 2) to base 9
117
a23 (base 15) to base 9
3116
8137 (base 11) to base 8
25071
Convert 210001022 (base 3) to base 11.
1058a
Convert 7520 (base 9) to base 10.
5526
Convert 16555 (base 8) to base 14.
2a61
13175 (base 8) to base 3
21220020
-1fe4 (base 16) to base 13
-3940
What is -188 (base 12) in base 14?
-13a
-100210 (base 3) to base 14
-14c
673 (base 8) to base 12
30b
-6515 (base 12) to base 6
-123225
What is 2405 (base 7) in base 15?
3e2
13355 (base 11) to base 16
4a71
Convert 11303031 (base 4) to base 9.
35526
Convert 3721 (base 8) to base 7.
5556
Convert 12120103 (base 4) to base 13.
bb81
-3820 (base 15) to base 3
-121101210
What is bba (base 12) in base 15?
7a1
-75333 (base 8) to base 16
-7adb
Convert -334 (base 8) to base 3.
-22011
Convert -3b94 (base 15) to base 11.
-9631
-3a (base 11) to base 15
-2d
3a8 (base 11) to base 12
341
Convert -19d (base 16) to base 12.
-2a5
-16251 (base 7) to base 12
-27a9
Convert b2 (base 12) to base 4.
2012
-3676 (base 11) to base 16
-12c2
Convert -21101 (base 4) to base 8.
-1121
-153a (base 12) to base 15
-b14
-512246 (base 7) to base 4
-111103112
What is -2a58 (base 13) in base 6?
-44301
1535 (base 7) to base 11
509
What is -2022220021 (base 3) in base 15?
-d8bd
-15122 (base 6) to base 8
-4572
932 (base 12) to base 6
10102
What is -411 (base 5) in base 7?
-211
Convert -3a6 (base 11) to base 4.
-13133
Convert 21456 (base 10) to base 5.
1141311
Convert 2004 (base 9) to base 2.
10110110110
11111111010010 (base 2) to base 11
11303
Convert -1020102 (base 3) to base 13.
-545
33838 (base 12) to base 14
1add2
What is 337 (base 13) in base 14?
2b7
Convert 13552 (base 6) to base 12.
12b8
What is -511 (base 12) in base 9?
-1004
What is 13b (base 14) in base 4?
3321
What is 5a1 (base 12) in base 16?
349
Convert 1120102 (base 3) to base 8.
2171
78 (base 11) to base 15
5a
-1118 (base 10) to base 14
-59c
-515 (base 10) to base 14
-28b
165444 (base 8) to base 16
eb24
Convert 1991 (base 10) to base 3.
2201202
What is 90 (base 13) in base 11?
a7
What is 100100100 (base 2) in base 10?
292
Convert -9523 (base 12) to base 10.
-16299
35317 (base 8) to base 16
3acf
What is -11958 (base 10) in base 8?
-27266
Convert -542 (base 6) to base 7.
-413
What is -1044132 (base 5) in base 16?
-48eb
What is 10010110001 (base 2) in base 11?
9a2
Convert 7dc2 (base 15) to base 3.
1100200002
4967 (base 15) to base 14
599c
-11100110111 (base 2) to base 16
-737
What is 777 (base 10) in base 4?
30021
1b3 (base 15) to base 14
201
9085 (base 14) to base 4
12003231
Convert 54d (base 15) to base 2.
10010101110
What is -4323 (base 13) in base 12?
-5490
644 (base 9) to base 2
1000001110
What is -47b (base 12) in base 7?
-1646
What is 19f (base 16) in base 9?
511
-4033 (base 6) to base 3
-1012210
a98 (base 12) to base 14
7d2
Convert 385 (base 13) to base 3.
211211
-5213 (base 8) to base 6
-20255
-61b (base 16) to base 5
-22223
-2600a (base 12) to base 2
-1100101010001010
3a81 (base 11) to base 3
21021000
Convert -186 (base 13) to base 2.
-100010111
-113302 (base 6) to base 11
-7427
Convert -13421 (base 5) to base 3.
-1112011
1115 (base 8) to base 10
589
What is 1030122 (base 4) in base 3?
20201010
What is -1760 (base 9) in base 5?
-20400
What is -1100111001111 (base 2) in base 16?
-19cf
Convert -24524 (base 8) to base 5.
-314310
-4c52 (base 15) to base 9
-24285
Convert -252 (base 9) to base 6.
-545
134 (base 14) to base 4
3302
-20681 (base 11) to base 5
-1430342
What is 2303121 (base 4) in base 7?
45321
What is 143533 (base 7) in base 10?
27709
What is -4642 (base 7) in base 4?
-122200
Convert a06 (base 11) to base 14.
62c
What is -8ba4 (base 12) in base 8?
-36254
-50b7 (base 12) to base 11
-6661
Convert 107a (base 15) to base 12.
202a
310030 (base 6) to base 13
b2a7
Convert -50658 (base 10) to base 5.
-3110113
What is -11211 (base 3) in base 15?
-8a
2021202 (base 3) to base 6
11415
Convert 17568 (base 11) to base 10.
24637
Convert -6776 (base 14) to base 13.
-8220
Convert 1361 (base 8) to base 3.
1000220
Convert -2376 (base 9) to base 5.
-24040
-110100001001100 (base 2) to base 9
-40556
Convert -ada4 (base 16) to base 5.
-2410302
Convert 1003 (base 8) to base 16.
203
What is 131 (base 6) in base 16?
37
21201000 (base 3) to base 5
134431
Convert 243544 (base 6) to base 3.
1002121201
Convert -102222020 (base 3) to base 12.
-5073
What is -16200 (base 7) in base 16?
-11cd
Convert 2882 (base 10) to base 8.
5502
Convert 355435 (base 7) to base 10.
64363
What is 101110000 (base 2) in base 16?
170
-4289a (base 11) to base 15
-136d8
What is 32 (base 4) in base 9?
15
-1a4 (base 11) to base 5
-1420
What is -1ed (base 16) in base 3?
-200021
11012 (base 4) to base 7
644
-3540 (base 12) to base 15
-1b6c
103323 (base 5) to base 6
24340
What is -1212a (base 11) in base 9?
-25845
Convert 10172 (base 9) to base 11.
5048
Convert 27d3 (base 14) to base 2.
1101110000101
12500 (base 11) to base 6
214524
1477 (base 9) to base 8
2143
2123 (base 6) to base 13
2b2
Convert -3331221 (base 4) to base 14.
-5cb7
21472 (base 11) to base 12
16060
What is 392 (base 12) in base 6?
2302
Convert -114411 (base 5) to base 4.
-1010010
35242 (base 7) to base 13
416b
What is 7844 (base 12) in base 2?
11001111110100
Convert -287 (base 16) to base 8.
-1207
Convert 2122100 (base 3) to base 4.
132012
-318 (base 11) to base 10
-382
What is 160 (base 13) in base 12?
187
Convert -1311 (base 6) to bas